 -9880. Calculate the greatest common factor of 1593 and c.
27
Let x(l) = -l + 16. Let s be x(15). Let g(f) = 193*f**2 - 4*f + 3. Let d be g(s). What is the greatest common factor of 48 and d?
48
Let t be 68/(-12) + 5 + 90/(-27) - -774. What is the greatest common factor of t and 6622?
154
Let s = 17016 + -15102. What is the highest common divisor of s and 54?
6
Suppose 3*w = -12*w + 1440. Let u be w + (4 - 0) + -4. What is the highest common factor of 108 and u?
12
Let q(v) = -v**3 - 46*v**2 + 85*v - 517. Let f be q(-48). What is the greatest common divisor of f and 7?
1
Let b(x) = 3*x**2 - 146*x + 18. Let t be b(-9). What is the greatest common divisor of t and 2925?
225
Let z be 14315/175 - (-12)/(-15). What is the greatest common divisor of z and 1917?
27
Let b(c) = c**3 - 4*c**2 + 5*c - 1. Let z be b(4). Let g(w) = 3*w**2 + 5*w - 2120. Let i be g(26). What is the highest common factor of i and z?
19
Let v = 216 + -216. Suppose -8*p - 13*p + 3885 = v. Calculate the greatest common divisor of p and 74.
37
Suppose -w = f - 233, -2*w + 478 = 2*f - 4*w. Calculate the highest common factor of 33158 and f.
118
Let w(s) be the third derivative of -s**4/2 - 4*s**2 - 4. Let k be w(-2). Let z be (36/7)/((-4)/(-28)). Calculate the greatest common divisor of z and k.
12
Let n be 5 + 85/(-119)*-14. Let w = 39 + 26. Calculate the highest common factor of n and w.
5
Let c be ((-133)/(-35) + -2)/((-6)/(-100)). Let z = -130 - -265. Calculate the greatest common divisor of c and z.
15
Let m(c) = -c**3 - 6*c**2 - 5*c + 16. Let i = 142 + -148. Let r be m(i). Calculate the greatest common divisor of r and 184.
46
Let r(q) = -q**3 + 9*q**2 + 46*q - 295. Let i be r(9). What is the greatest common factor of 306 and i?
17
Let o(h) = -57*h + 2*h + 0*h + 21*h - 60. Let k be o(-5). What is the greatest common divisor of 66 and k?
22
Let j = -36435 - -36620. Calculate the greatest common divisor of 185 and j.
185
Let g(f) = 33*f**2 - 1880*f + 18. Let l be g(57). What is the greatest common factor of 48 and l?
3
Suppose -7*p - 276 = -9*p + 2*z, -279 = -2*p + 3*z. What is the highest common factor of p and 240?
15
Let z(u) = u**3 - 2*u**2 - 8*u + 6. Let s(q) = q**3 + 5*q**2 + 4*q + 4. Let h be s(-4). Let y be z(h). What is the greatest common factor of 18 and y?
6
Let z be (12 - 4) + -1 + -12 - -19. Suppose 106 = -n + 3*n. Let t = 88 - n. Calculate the greatest common divisor of t and z.
7
Let n be 168/40*(-20)/(-12). What is the greatest common divisor of n and 4529?
7
Let h = 75 + 48. Let f = 224 - 101. What is the greatest common divisor of f and h?
123
Suppose -14*d = 84 + 308. Let b be ((-105)/d)/(3/260). Calculate the highest common factor of b and 13.
13
Let i = 117 - -43. Let l be (-16)/12 + (-1140)/(-180). Calculate the greatest common factor of l and i.
5
Suppose 1299*y - 5*z = 1298*y + 19, -4*y = -4*z - 156. What is the highest common factor of y and 4?
4
Let d = 841 + -456. Calculate the highest common divisor of 105 and d.
35
Let u be (0 + 1)/((-10)/300). Suppose -113 = -7*t + 13. Let f be u/4*t/(-5). Calculate the greatest common factor of f and 54.
27
Let p be (-6)/4*(-5 + (-149)/3). Suppose -p = -2*v + 14. Suppose -17*o - v = -21*o. What is the highest common factor of o and 96?
12
Let b be 41 + -3 - 1/((-3)/12). Suppose 34*g = b*g - 5032. What is the highest common divisor of 17 and g?
17
Let x = -261 - -429. Let w = 146 - 118. Suppose 0 = -o - 4*t + w, 5*o + 2*t = -50 + 172. Calculate the greatest common factor of x and o.
24
Let m(k) = -k**3 + 112*k**2 - 315*k + 198. Let u be m(109). What is the highest common divisor of u and 24?
6
Let d be (39/3)/(14/420). What is the highest common factor of d and 15?
15
Let l(c) = c**3 - 30*c**2 + 30*c + 10. Let r be l(29). Calculate the greatest common factor of r and 221.
13
Suppose -43*n = 1052 + 23. Let k be 300*(-4 + (-130)/n). What is the greatest common divisor of 72 and k?
72
Let r = 265 - 260. Suppose u = 3*c - 104, -c - r*u - 4 = -44. Calculate the greatest common factor of 595 and c.
35
Suppose -5*f = -59 - 91. Let w = 42 - f. Let p be 406/w - ((-30)/(-36))/(-5). What is the highest common divisor of 68 and p?
34
Let l be 1865 + 1 - 21/49*-7. Let c = -976 + l. What is the highest common divisor of 19 and c?
19
Suppose 3*m + 0 = 60. Suppose 0 = 178*p - 392*p + 55640. What is the greatest common divisor of m and p?
20
Let m = 2689 + -2675. Calculate the greatest common factor of 6482 and m.
14
Let c = -11888 - -12976. What is the greatest common divisor of 256 and c?
64
Suppose 0 = 15*x - 2345 - 880. Let q = -194 + x. Calculate the highest common factor of q and 63.
21
Suppose 83*k + 1984 = 249*k - 2830. Calculate the highest common factor of k and 464.
29
Suppose -1719 = 1348*w - 1350*w + 3*a, 0 = -2*w + 5*a + 1721. What is the greatest common factor of w and 195?
39
Let g(n) = 57*n**2 - 3*n + 2. Let a be g(-1). Suppose -7*l + a - 20 = 0. Let u = -49 + 79. Calculate the greatest common factor of u and l.
6
Suppose 161*g = -114*g + 7700. Calculate the greatest common divisor of g and 368.
4
Let b(k) = -49*k**2 - 5*k + 2. Let p be b(1). Let m = 83 - p. What is the highest common divisor of 45 and m?
45
Let d = 3973 + -3804. Calculate the highest common factor of d and 403.
13
Suppose -2*n = 6, -4*p - 9*n + 7*n = -234. Suppose -7*s + p = 8*s. Suppose 116 = 5*m + 4*u, m - 2 - 22 = -u. What is the greatest common factor of s and m?
4
Let c be 444*-28*6/(-48). Let j be (-66)/(-110) + c/10. Calculate the highest common divisor of j and 12.
12
Let x = -16 - -40. Let u = 150 - 186. Let h be (1 + -10)/(3/u). Calculate the highest common divisor of h and x.
12
Let o(t) = -142*t + 9363. Let i be o(65). Calculate the greatest common divisor of i and 4636.
19
Suppose b - 4*i - 7 = 6, -2*b = 4*i - 14. Suppose -403 - 839 = -b*p. What is the greatest common factor of 207 and p?
69
Let y = -51 - -53. Suppose -r = -y*z + 5*z - 126, -5*r = 5*z - 630. What is the highest common divisor of 28 and r?
14
Let g be ((-60)/(-6))/(-1 - 1). Let t be -153*(-1 + (-5 - g)). Suppose 208*n - 213*n + 170 = 0. Calculate the greatest common divisor of t and n.
17
Let u be 24/5*10/6. Let w(l) = l**2 + 19*l - 22. Let j be w(-25). Calculate the highest common factor of j and u.
8
Let j = 4438 - 2268. What is the greatest common factor of 42 and j?
14
Suppose -6 + 168 = -2*d. Suppose 1097*n = 1095*n + 54. Let j = n - d. Calculate the highest common factor of j and 12.
12
Let y(r) = -2 + r + 1 - 2. Let w be y(8). Let t = -1689 - -1744. What is the highest common divisor of w and t?
5
Suppose 18*a = 14*a + 8. Suppose -2*c + 36 = 3*b, 0*c - 2*b - 36 = -a*c. Suppose 5*o + 10 = 0, q + o - 20 = 2*o. Calculate the highest common factor of q and c.
18
Suppose -u + 72 = 2*g, -5*u - 29 = -2*g + 55. Let d = -94 - -64. Let o = d + g. What is the greatest common divisor of o and 77?
7
Let n be (615/(-10))/((-3)/6). Let p(j) = j**2 - 17*j + 16. Let s be p(16). Suppose s = -a + n + 228. What is the greatest common divisor of a and 39?
39
Suppose 10*z - 42*z = 4*z - 4284. Calculate the highest common factor of z and 19873.
119
Let s(p) = -18*p**3 - p**2 + 2*p - 12. Let k be s(3). Let b be (-5)/(-15) + k/(-9). Let w be -1*2*7/(-2). Calculate the greatest common divisor of w and b.
7
Let o = 226 + -203. Let v = o - 9. What is the greatest common divisor of v and 259?
7
Suppose 111 = 7*z + 111. Suppose z = -4*v + 5184 - 492. What is the highest common factor of 51 and v?
51
Suppose -19*r = -40 - 1670. Suppose 4*p - 3*k = -27 + r, 3*p + 5*k - 11 = 0. What is the greatest common factor of p and 282?
6
Suppose -4*u - 5*o = 21 - 8, 0 = -3*u + 3*o - 3. Let r = -29 - -52. Let q = u + r. Calculate the highest common factor of 14 and q.
7
Suppose 3*d - 16436 = -3*d + 316. Calculate the highest common factor of d and 8.
8
Let g be -28*(38/(-56) + (-27)/(-63)). Let s be -440*(35/50)/g*-4. Suppose -2*y = 4*f - f - 29, -4*f - 20 = 0. What is the greatest common factor of s and y?
22
Let p be (-1 - 5)/(6/(-4)). Suppose 7*g + 266 = 336. Suppose -y + 0*y = -5*r - g, -2*r = -5*y + 50. What is the greatest common divisor of y and p?
2
Let k be 403/(-124)*(17 - 2017). What is the greatest common divisor of 1100 and k?
100
Let x be 88/(-33)*((-647)/4 - 12/(-6)). What is the gr